13321. Give n(-3).
-11
Let u(w) = -10*w**2 + 1127*w + 216. Determine u(113).
-123
Let r(s) = -s**3 - 62*s**2 - 658*s + 90. Determine r(-49).
1119
Let k(q) = 14*q**2 + 593*q + 8769. Calculate k(-15).
3024
Let c(s) = 31*s**2 + 3930*s + 3004. Calculate c(-126).
-20
Let l(o) = -2*o**3 + 118*o**2 + 142*o + 22837. Give l(63).
31
Let t(o) = 81339*o - 1057402. What is t(13)?
5
Let a(l) = -l**2 - 34479*l - 379133. What is a(-11)?
15
Let q(m) = 46*m - 170. Give q(4).
14
Let d(x) = 5331*x + 80474. Determine d(-15).
509
Let n(x) = 141561*x + 424691. Calculate n(-3).
8
Let s(l) = -772555*l - 772556. Calculate s(-1).
-1
Let l(v) = -6*v**2 - 43*v + 187. Give l(7).
-408
Let n(g) = -6540*g + 104644. Determine n(16).
4
Let v(k) = -k**3 + 667*k**2 - 1131*k + 1651758. Give v(669).
-3
Let w(y) = 13197*y + 118825. Calculate w(-9).
52
Let o(y) = 1857244*y + 5571727. What is o(-3)?
-5
Let j(m) = 4*m**3 - 41*m**2 - 8*m + 22. Give j(11).
297
Let c(x) = 29009*x - 348106. What is c(12)?
2
Let v(r) = 1209*r - 692756. Determine v(573).
1
Let q(y) = -y**2 + 28*y - 388. Give q(28).
-388
Let h(o) = -o**2 - 856*o - 8049. Determine h(-10).
411
Let n(x) = x**2 - 1357*x + 355039. Give n(354).
-23
Let j(h) = 346*h + 125280. Calculate j(-362).
28
Let c(m) = 26*m**2 - 392*m - 1491. What is c(17)?
-641
Let b(k) = -k**3 - 47*k**2 + 29*k - 1233. What is b(-49)?
2148
Let t(k) = k**3 - 133*k - 214. What is t(14)?
668
Let r(j) = -5*j**2 - 231*j - 2604. Determine r(-29).
-110
Let h(i) = -79*i**2 + 31*i + 79. Calculate h(3).
-539
Let i(y) = y**3 - 7*y**2 - 577*y - 2671. Calculate i(-5).
-86
Let s(q) = 14535*q**2 - 3401193*q + 696. Calculate s(234).
-6
Let p(o) = -59990*o - 419946. Determine p(-7).
-16
Let x(k) = -10*k**2 + 138*k - 1451. Calculate x(13).
-1347
Let i(t) = t**3 - 84*t**2 - 365*t + 1185. Calculate i(88).
41
Let b(q) = 132*q**3 + 3*q**2 - 329*q + 328. What is b(1)?
134
Let a(b) = 40*b**2 + 5355*b - 55. What is a(-134)?
615
Let n(m) = -m**3 + 254*m**2 + 843*m - 18467. What is n(257)?
37
Let c(r) = -3634*r - 87181. Determine c(-24).
35
Let w(p) = 184*p - 4542. Calculate w(27).
426
Let j(z) = z**3 - 71*z**2 - 37*z - 3161. Give j(72).
-641
Let h(o) = -8*o**3 - 9*o**2 - 37*o + 179. Give h(5).
-1231
Let q(g) = 10*g**2 + 669*g - 8731. Determine q(-78).
-73
Let r(f) = -42*f**2 - 291*f + 374857. Determine r(-98).
7
Let g(k) = -2*k**3 - 1224*k - 3701. Determine g(-3).
25
Let x(q) = 532*q - 16569. Give x(31).
-77
Let k(m) = 58*m**2 - 680*m + 1356. Calculate k(2).
228
Let c(w) = 8*w**2 - 546*w + 400. Give c(67).
-270
Let v(c) = 5097*c + 81577. What is v(-16)?
25
Let m(x) = 247*x + 15729. Determine m(-61).
662
Let x(v) = -v**3 + 11*v**2 + 11585*v + 102642. Calculate x(-9).
-3
Let d(s) = -1411*s - 1863. Calculate d(-2).
959
Let k(y) = -157*y - 72219. Determine k(-460).
1
Let g(r) = -353*r + 741. Determine g(7).
-1730
Let t(j) = -j**2 + 92*j - 765. Calculate t(98).
-1353
Let j(h) = -12*h**3 - 811*h**2 + 342*h + 133. Give j(-68).
-3
Let b(j) = -j**3 + 9*j**2 - 354*j + 3650. Give b(10).
10
Let g(f) = -f**3 + 12*f**2 + 517*f - 6186. Calculate g(12).
18
Let t(s) = -51*s**2 - 90*s + 118. Calculate t(1).
-23
Let l(q) = 2*q**3 + 465*q**2 - 1496*q - 294276. Give l(-233).
3
Let p(z) = -132635*z + 663180. Calculate p(5).
5
Let t(w) = -4*w**3 - 1521*w**2 + 1156*w + 4993. Give t(-381).
40
Let c(a) = 147*a**2 + 15864*a - 1157. Give c(-108).
139
Let t(b) = -b**2 - 2094*b - 268107. What is t(-137)?
2
Let j(o) = o**2 + 1165*o - 216469. Calculate j(163).
-5
Let h(d) = 2*d**3 + 321*d**2 - 165*d - 459. Determine h(-161).
185
Let p(j) = -2*j**2 - 1981*j + 24078. Give p(12).
18
Let s(a) = a**3 + 107*a**2 - 1177*a - 974. What is s(-117)?
-155
Let g(v) = 211*v**3 - 20*v + 19. What is g(1)?
210
Let j(t) = 4*t**3 - 6*t**2 + 812*t - 2419. What is j(3)?
71
Let x(h) = 6*h**3 + 183*h**2 - 136*h - 1324. What is x(-31)?
9
Let a(t) = -8*t**2 - 1145*t + 2033. Calculate a(-145).
-142
Let j(h) = 3*h**2 - 29028*h - 203318. Give j(-7).
25
Let b(j) = 17*j**3 + 14934*j**2 + 7044*j + 17492. Give b(-878).
-68
Let b(o) = -15760*o - 330961. What is b(-21)?
-1
Let h(k) = k**3 + 227*k**2 - 931*k - 789. Calculate h(-231).
828
Let w(m) = -34471*m - 1344370. Determine w(-39).
-1
Let v(c) = c**3 + 139*c**2 - 1654*c - 606. Give v(-150).
-6
Let z(q) = -q**3 - 50*q**2 - 405*q + 382. Give z(-39).
-554
Let d(b) = 616*b + 41801. Determine d(-68).
-87
Let p(o) = 61*o**3 + 398*o**2 + 342*o + 905. Determine p(-6).
5
Let f(w) = 345*w - 10798. Calculate f(32).
242
Let x(u) = u**3 + 17*u**2 + 28*u + 790. Calculate x(-17).
314
Let o(w) = 11127*w + 9179770. Calculate o(-825).
-5
Let u(w) = w**3 + 14*w**2 - 757*w - 9594. Calculate u(-13).
416
Let s(l) = 12*l**2 - 683*l - 128. Give s(57).
-71
Let l(f) = f**3 - 47*f**2 + 353*f - 56. What is l(38)?
362
Let c(a) = a**3 + 13*a**2 + 155*a - 37. Give c(-10).
-1287
Let t(f) = 89156*f - 1159037. Calculate t(13).
-9
Let m(u) = -95*u**2 + 244*u - 123. Give m(2).
-15
Let s(i) = -142*i**2 - 103498*i + 14662. Give s(-729).
82
Let b(z) = -1470*z + 210219. Calculate b(143).
9
Let b(w) = 3*w**2 - 47*w - 1694. Give b(33).
22
Let w(l) = 812*l + 30293. What is w(-38)?
-563
Let s(d) = -980727*d + 11768717. Determine s(12).
-7
Let v(m) = 12946*m + 4854740. Give v(-375).
-10
Let p(j) = 1172*j + 4708. Determine p(-4).
20
Let s(a) = 2*a**3 - 176*a**2 + 173*a + 124. Determine s(87).
37
Let d(y) = 4*y**2 + 8503*y + 33991. Determine d(-4).
43
Let f(i) = i**3 - 231*i**2 - 1634*i + 209. Calculate f(-7).
-15
Let t(r) = -2*r**3 - 11*r**2 + 113*r + 640. Determine t(-5).
50
Let q(h) = 4*h**3 + 19*h**2 - 156*h - 474. What is q(0)?
-474
Let h(s) = 9238*s - 119352. Give h(13).
742
Let q(b) = 2*b**2 + 598*b - 47319. Give q(-364).
1
Let l(s) = s**3 + 143*s**2 - 219*s - 31169. Give l(-143).
148
Let m(t) = -6496*t - 32576. Determine m(-5).
-96
Let b(i) = -34*i**2 - 42551*i - 85099. What is b(-2)?
-133
Let x(r) = 41536*r + 4652029. Give x(-112).
-3
Let c(m) = 2407*m**3 + 9*m**2 + 15*m + 11. Determine c(-1).
-2402
Let h(m) = -20*m**2 - 620*m + 30. Give h(-31).
30
Let g(q) = -1499*q + 79471. Determine g(53).
24
Let x(r) = 6*r**3 - 164*r**2 + 345*r + 156. Give x(25).
31
Let u(w) = -1652*w + 43957. What is u(27)?
-647
Let f(o) = -72*o**2 + 1140*o - 29. Calculate f(13).
2623
Let v(s) = -s**2 + 283*s - 7394. Determine v(29).
-28
Let d(t) = -15174*t + 1608435. What is d(106)?
-9
Let l(p) = p**3 - 27*p**2 + 96*p + 73. What is l(24)?
649
Let s(l) = 3073*l + 10967. What is s(-5)?
-4398
Let q(d) = -1040*d + 411928. Give q(396).
88
Let t(j) = -7482*j + 37980. Determine t(5).
570
Let v(d) = 2*d**3 + 459*d**2 - 3614*d - 13978. Determine v(-237).
5
Let c(b) = -85*b**3 + 1108*b**2 + 18*b - 395. What is c(13)?
346
Let h(b) = -42*b**2 + 4138*b + 1994. Give h(99).
14
Let v(r) = 29*r**2 + 200*r - 106. Determine v(-5).
-381
Let c(f) = -1023*f + 3837. What is c(4)?
-255
Let m(p) = -17*p**3 + 86*p**2 - 8*p - 93. Calculate m(5).
-108
Let w(z) = 31*z**3 + 281*z**2 + 395*z + 3419. What is w(-9)?
26
Let c(u) = -13*u**2 + 1020*u - 1485. What is c(77)?
-22
Let k(o) = 3*o**3 - 43*o**2 + 43*o - 52. Calculate k(17).
2991
Let o(j) = 750*j - 10001. Give o(14).
499
Let u(m) = -m**3 - 629*m**2 + 3074*m + 514. What is u(5)?
34
Let r(p) = -p**2 - 414*p + 33660. Give r(68).
884
Let a(f) = 2*f**2 - 274*f + 1544. What is a(5)?
224
Let y(x) = -2*x**2 - 661*x + 14868. Determine y(22).
-642
Let n(z) = -13*z**2 - 1533*z + 24221. Calculate n(-132).
65
Let g(a) = -2*a**3 + 39*a**2 + 294*a - 1232. Calculate g(-10).
1728
Let c(v) = v**3 - 220*v**2 + 4869*v + 1182. Determine c(195).
12
Let m(l) = l**3 - 34*l**2 + 552*l - 1363. Determine m(3).
14
Let l(u) = 132*u**3 - 26*u**2 - 8*u + 10. Calculate l(1).
108
Let x(v) = -v**3 + 212*v**2 + 214*v - 100. What is x(213)?
113
Let g(q) = 344*q + 22374. Give g(-65).
14
Let f(y) = -y**3 + 12*y**2 + 56*y - 587. Calculate f(13).
-28
Let o(j) = 2*j**3 - 93*j**2 - 1478*j + 27. Give o(59).
-150
Let c(t) = -42768*t - 727056. What is c(-17)?
0
Let o(a) = -24*a**3 + 2*a**2 - 21*a - 9. What is o(-5)?
3146
Let j(s) = -68*s - 700. Calculate j(-5).
-360
Let k(n) = -834*n + 74403. Determine k(86).
2679
Let a(y) = -77305*y + 618425. Calculate a(8).
-15
Let o(b) = 16989*b - 118933. Calculate o(7).
-10
Let v(t) = t**3 + 169*t**2 - 64*t - 228. Give v(-1).
4
Let n(q) = 